 1609267321 a composite number?
False
Is 21841167 a composite number?
True
Is 35909581 a composite number?
False
Is 12202591 a prime number?
False
Is 37537763 prime?
True
Is 1860479 a prime number?
True
Is 10268671 composite?
True
Is 102157571 a composite number?
True
Is 21363379 composite?
True
Is 218237 a prime number?
False
Is 117551501 a prime number?
True
Is 22810258 composite?
True
Is 65566394 a composite number?
True
Is 150112687 a composite number?
True
Is 298597889 a composite number?
False
Is 2822761 a composite number?
False
Is 538883 a prime number?
False
Is 185391587 composite?
False
Is 14859203 a composite number?
False
Is 33582113 a composite number?
False
Is 152063 a composite number?
False
Is 22405 a prime number?
False
Is 1244385797 prime?
True
Is 584042 composite?
True
Is 518233 composite?
False
Is 5211769 composite?
True
Is 2571623 a composite number?
True
Is 9365137 prime?
True
Is 3463657 a prime number?
True
Is 14913911 a composite number?
False
Is 1510261 a composite number?
True
Is 404439823 prime?
False
Is 3833 prime?
True
Is 945031 prime?
True
Is 748481 a composite number?
False
Is 71155547 prime?
True
Is 86842079 composite?
False
Is 5811899 composite?
False
Is 6497117 prime?
False
Is 25583053 a composite number?
False
Is 9976589 a prime number?
False
Is 37259527 a composite number?
True
Is 41430667 composite?
False
Is 45898831 prime?
False
Is 969211399 prime?
False
Is 235973791 a composite number?
False
Is 94968623 prime?
False
Is 21949487 a composite number?
True
Is 31004669 a prime number?
True
Is 41209151 composite?
False
Is 17904311 composite?
False
Is 15796535 a composite number?
True
Is 9346877 a prime number?
False
Is 1677083 a prime number?
True
Is 14867722 prime?
False
Is 1973513 prime?
False
Is 759691043 a prime number?
True
Is 121192237 composite?
True
Is 775977607 a composite number?
False
Is 119916611 a composite number?
False
Is 443057 composite?
False
Is 25860487 composite?
True
Is 1588159 a composite number?
False
Is 6291199 prime?
False
Is 28960471 prime?
True
Is 226270721 composite?
False
Is 25187381 a composite number?
True
Is 1828583 prime?
True
Is 11911013 a prime number?
True
Is 767777243 composite?
True
Is 149008037 composite?
False
Is 913981 a prime number?
True
Is 446363 a composite number?
False
Is 47289217 composite?
False
Is 37600187 prime?
True
Is 33516811 a composite number?
True
Is 138860209 a prime number?
True
Is 37653639 prime?
False
Is 16785785 prime?
False
Is 19725479 prime?
True
Is 14799011 composite?
True
Is 79661 a composite number?
True
Is 5391341 a composite number?
False
Is 114232171 prime?
True
Is 156829319 a composite number?
False
Is 1028257 a composite number?
True
Is 18819061 prime?
True
Is 175511 prime?
False
Is 17494417 a prime number?
False
Is 2188209 a composite number?
True
Is 33503959 a composite number?
True
Is 88438469 a composite number?
True
Is 200293 composite?
False
Is 26217121 a composite number?
True
Is 445375913 prime?
True
Is 42320027 composite?
True
Is 14403157 composite?
False
Is 56507783 prime?
False
Is 14820493 composite?
False
Is 37151459 a composite number?
False
Is 156467 a prime number?
True
Is 78345977 a composite number?
False
Is 200342683 a composite number?
False
Is 20178241 a composite number?
True
Is 134972921 a composite number?
True
Is 1632791 composite?
True
Is 5089583 prime?
False
Is 29971793 composite?
True
Is 27320891 prime?
False
Is 10478759 prime?
False
Is 3515087 composite?
False
Is 8209763 a composite number?
False
Is 1492138 a composite number?
True
Is 115744933 composite?
False
Is 22429 a prime number?
False
Is 19441263 a prime number?
False
Is 78017141 a prime number?
True
Is 4942687 a composite number?
False
Is 160556257 a composite number?
False
Is 5382147 a prime number?
False
Is 2612581 composite?
True
Is 3369541 a composite number?
True
Is 21089273 a composite number?
False
Is 16397107 a prime number?
True
Is 60612985 a prime number?
False
Is 28720249 a composite number?
True
Is 51793423 a prime number?
False
Is 118282027 prime?
True
Is 13941511 a composite number?
False
Is 7898701 a prime number?
False
Is 82803041 prime?
False
Is 12723717 composite?
True
Is 108063217 a composite number?
True
Is 17755651 a composite number?
True
Is 395553619 a prime number?
True
Is 314228069 a prime number?
False
Is 469915157 a prime number?
False
Is 12075379 a composite number?
False
Is 1085767 prime?
True
Is 70362359 a prime number?
False
Is 139140643 composite?
True
Is 18656003 a prime number?
True
Is 3711503 prime?
False
Is 885383 a composite number?
False
Is 5100329 a composite number?
True
Is 145313009 composite?
False
Is 5299459 prime?
False
Is 12152627 a prime number?
True
Is 107452613 a composite number?
False
Is 5698057 a prime number?
False
Is 3629191 a composite number?
True
Is 4971203 a composite number?
False
Is 27005201 a prime number?
True
Is 9098357 a prime number?
True
Is 86113601 a composite number?
True
Is 10669519 a composite number?
True
Is 356212349 composite?
False
Is 10918337 a composite number?
False
Is 18369899 prime?
True
Is 226674095 a composite number?
True
Is 966676703 composite?
False
Is 22354207 a prime number?
True
Is 331336351 composite?
False
Is 1061477 composite?
True
Is 27737491 prime?
False
Is 2411179 prime?
False
Is 8856361 a prime number?
True
Is 143115857 a composite number?
False
Is 231268909 composite?
True
Is 87206297 composite?
False
Is 896617 a prime number?
True
Is 55020769 composite?
False
Is 76663939 a composite number?
True
Is 984362095 a composite number?
True
Is 40074443 prime?
True
Is 16251839 prime?
False
Is 14388521 prime?
False
Is 1198343 prime?
True
Is 11281667 a composite number?
True
Is 10413245 a composite number?
True
Is 2431097 prime?
True
Is 1848989 a composite number?
True
Is 90288269 a prime number?
False
Is 218966717 a prime number?
True
Is 60234257 composite?
False
Is 54655963 a prime number?
False
Is 2596463 composite?
True
Is 4132642 prime?
False
Is 69803167 a prime number?
False
Is 35870273 a prime number?
True
Is 49187063 a composite number?
False
Is 77035559 composite?
True
Is 44383393 composite?
False
Is 73783 a composite number?
False
Is 189433031 a composite number?
True
Is 2980013 a prime number?
False
Is 1224701 prime?
True
Is 936063181 a prime number?
True
Is 20926841 prime?
False
Is 233937409 composite?
True
Is 102006857 composite?
False
Is 25839599 composite?
True
Is 580063389 a prime number?
False
Is 68050691 a composite number?
True
Is 412501367 a composite number?
True
Is 14192099 a prime number?
True
Is 2275139 a composite number?
False
Is 78119549 prime?
False
Is 403253 a prime number?
True
Is 39189911 composite?
False
Is 36865813 composite?
True
Is 193204993 a composite number?
True
Is 2713663 a composite number?
True
Is 283310791 a prime number?
False
Is 187271431 a prime number?
False
Is 1638089 prime?
True
Is 5480687 a prime number?
False
Is 20710997 prime?
True
Is 16470193 a composite number?
False
Is 89415115 a composite number?
True
Is 32673143 a prime number?
False
Is 378003 a composite number?
True
Is 4175377 prime?
True
Is 67082443 a prime number?
False
Is 10592741 prime?
True
Is 10231015 composite?
True
Is 3082393 composite?
False
Is 37982806 a composite number?
True
Is 25043 composite?
True
Is 11376461 prime?
False
Is 98325641 prime?
True
Is 197303 a composite number?
True
Is 1447717 prime?
True
Is 83960641 a prime number?
True
Is 5085791 a prime number?
False
Is 29250853 prime?
True
Is 19120721 prime?
True
Is 3555077 composite?
True
Is 209038997 composite?
False
Is 122295629 prime?
False
Is 3243657 prime?
False
Is 9814417 prime?
True
Is 17341763 a prime number?
True
Is 42468997 composite?
False
Is 154814363 composite?
True
Is 8888263 composite?
True
Is 105197451 prime?
False
Is 5889881 a prime number?
True
Is 7618327 a composite number?
False
Is 10406553 prime?
False
Is 842791 prime?
True
Is 221813881 a composite number?
False
Is 3562213 composite?
True
Is 496763 prime?
True
Is 50793313 a prime number?
False
Is 14022407 prime?
False
Is 19364291 composite?
False
Is 11888047 a prime number?
True
Is 9053533 prime?
False
Is 6599513 a composite number?
False
Is 11605199 a composite number?
False
Is 8479193 a prime number?
True
Is 38879957 prim